{"id":3009,"date":"2026-02-26T16:39:51","date_gmt":"2026-02-26T19:39:51","guid":{"rendered":"https:\/\/contosdarica.com.br\/?post_type=product&#038;p=3009"},"modified":"2026-03-30T20:32:09","modified_gmt":"2026-03-30T23:32:09","slug":"livro-joaninha-em-producao","status":"publish","type":"product","link":"https:\/\/contosdarica.com.br\/index.php\/product\/livro-joaninha-em-producao\/","title":{"rendered":"LIVRO JOANINHA"},"content":{"rendered":"<p data-start=\"1796\" data-end=\"1878\"><strong>Uma narra\u00e7\u00e3o real, feita com carinho, que acompanha a hist\u00f3ria desde o in\u00edcio.<\/strong><\/p>\n<hr data-start=\"1880\" data-end=\"1883\" \/>\n<h3 data-section-id=\"1s2bkbx\" data-start=\"429\" data-end=\"449\">SOBRE O LIVRO<\/h3>\n<p data-start=\"451\" data-end=\"517\">A hist\u00f3ria da Joaninha nasceu de forma simples, mas cheia de amor.<\/p>\n<p data-start=\"519\" data-end=\"732\">Criada em casa, de maneira totalmente org\u00e2nica, essa hist\u00f3ria j\u00e1 tocou o cora\u00e7\u00e3o de muitas crian\u00e7as \u2014 inclusive em escolas, onde foi trabalhada em sala de aula e inspirou pequenas cria\u00e7\u00f5es cheias de sensibilidade.<\/p>\n<p data-start=\"734\" data-end=\"865\">Agora, ela retorna em uma nova fase: com ilustra\u00e7\u00f5es pr\u00f3prias, ainda mais encantadoras, mantendo tudo aquilo que a tornou especial.<\/p>\n<p data-start=\"867\" data-end=\"979\">Mais do que um livro, essa \u00e9 uma experi\u00eancia que conecta crian\u00e7as e adultos atrav\u00e9s da sensibilidade e do afeto.<\/p>\n<h3 data-section-id=\"1vcepbp\" data-start=\"986\" data-end=\"1010\">O QUE VOC\u00ca RECEBE<\/h3>\n<p data-start=\"1012\" data-end=\"1044\">Ao adquirir, voc\u00ea ter\u00e1 acesso a:<\/p>\n<p data-start=\"1046\" data-end=\"1189\">Livro completo em PDF<br data-start=\"1070\" data-end=\"1073\" \/>\u00c1udio narrado com a voz da Alice, ainda crian\u00e7a<br data-start=\"1123\" data-end=\"1126\" \/>Uma hist\u00f3ria que toca o cora\u00e7\u00e3o e cria momentos especiais entre voc\u00ea e seu filho<\/p>\n<div>\n<div>\n<div>\n<p><strong>Nota da Autora<\/strong><\/p>\n<\/div>\n<div>\n<p>Essa hist\u00f3ria nasceu de um momento simples e especial.<\/p>\n<\/div>\n<div>\n<p>Um dia, uma joaninha entrou pela janela da nossa casa e pousou no nariz da minha filha.<\/p>\n<\/div>\n<div>\n<p>A cena foi t\u00e3o delicada e encantadora que eu senti vontade de guardar aquele instante para sempre.<\/p>\n<\/div>\n<div>\n<p>Foi assim que escrevi este livrinho.<\/p>\n<\/div>\n<div>\n<p>Sou Val\u00e9ria Drumond, escritora e criadora da Contos da Rica. Acredito na for\u00e7a das hist\u00f3rias simples, na inf\u00e2ncia vivida com sensibilidade e nos pequenos acontecimentos que se transformam em mem\u00f3ria. Que essa hist\u00f3ria tamb\u00e9m encontre um lugar especial no seu cora\u00e7\u00e3o.<\/p>\n<\/div>\n<div>\n<p>Com carinho,<\/p>\n<p>Val\u00e9ria Drumond<\/p>\n<figure id=\"attachment_3034\" aria-describedby=\"caption-attachment-3034\" style=\"width: 231px\" class=\"wp-caption alignnone\"><img loading=\"lazy\" decoding=\"async\" class=\"wp-image-3034\" src=\"https:\/\/contosdarica.com.br\/wp-content\/uploads\/2026\/02\/83F3ACF9-BC4A-408C-BD58-105D6EA959BD-360x540.jpeg\" alt=\"\" width=\"231\" height=\"347\" srcset=\"https:\/\/contosdarica.com.br\/wp-content\/uploads\/2026\/02\/83F3ACF9-BC4A-408C-BD58-105D6EA959BD-360x540.jpeg 360w, https:\/\/contosdarica.com.br\/wp-content\/uploads\/2026\/02\/83F3ACF9-BC4A-408C-BD58-105D6EA959BD-600x900.jpeg 600w, https:\/\/contosdarica.com.br\/wp-content\/uploads\/2026\/02\/83F3ACF9-BC4A-408C-BD58-105D6EA959BD-393x590.jpeg 393w, https:\/\/contosdarica.com.br\/wp-content\/uploads\/2026\/02\/83F3ACF9-BC4A-408C-BD58-105D6EA959BD-500x750.jpeg 500w, https:\/\/contosdarica.com.br\/wp-content\/uploads\/2026\/02\/83F3ACF9-BC4A-408C-BD58-105D6EA959BD-800x1200.jpeg 800w, https:\/\/contosdarica.com.br\/wp-content\/uploads\/2026\/02\/83F3ACF9-BC4A-408C-BD58-105D6EA959BD-107x160.jpeg 107w, https:\/\/contosdarica.com.br\/wp-content\/uploads\/2026\/02\/83F3ACF9-BC4A-408C-BD58-105D6EA959BD-167x250.jpeg 167w, https:\/\/contosdarica.com.br\/wp-content\/uploads\/2026\/02\/83F3ACF9-BC4A-408C-BD58-105D6EA959BD-35x53.jpeg 35w, https:\/\/contosdarica.com.br\/wp-content\/uploads\/2026\/02\/83F3ACF9-BC4A-408C-BD58-105D6EA959BD.jpeg 1024w\" sizes=\"auto, (max-width: 231px) 100vw, 231px\" \/><figcaption id=\"caption-attachment-3034\" class=\"wp-caption-text\">Val\u00e9ria Drumond, autora e criadora da Contos da Rica\u00ae<\/figcaption><\/figure>\n<\/div>\n<\/div>\n<\/div>\n","protected":false},"excerpt":{"rendered":"<h3 data-section-id=\"1jts7mb\" data-start=\"1196\" data-end=\"1225\"><strong data-start=\"1796\" data-end=\"1878\">PRODUTO 100% DIGITAL &#8211; Uma narra\u00e7\u00e3o real, feita com carinho, que acompanha a hist\u00f3ria desde o in\u00edcio.\u00a0<\/strong><\/h3>\n<h3 data-section-id=\"1jts7mb\" data-start=\"1196\" data-end=\"1225\">COMO FUNCIONA A COMPRA<\/h3>\n<p data-start=\"1227\" data-end=\"1335\">Para garantir total seguran\u00e7a na sua compra, o acesso ao conte\u00fado \u00e9 realizado atrav\u00e9s da plataforma Hotmart.<\/p>\n<p data-start=\"1337\" data-end=\"1400\">Ap\u00f3s a confirma\u00e7\u00e3o do pagamento, voc\u00ea receber\u00e1 automaticamente:<\/p>\n<p data-start=\"1402\" data-end=\"1516\">&#8211; Acesso imediato ao livro<br data-start=\"1428\" data-end=\"1431\" \/>&#8211; Acesso ao \u00e1udio narrado<br data-start=\"1456\" data-end=\"1459\" \/>&#8211; Tudo organizado em uma \u00e1rea segura e f\u00e1cil de acessar<\/p>\n<p data-start=\"869\" data-end=\"986\"><strong data-start=\"756\" data-end=\"839\">Em poucos segundos voc\u00ea j\u00e1 ter\u00e1 acesso \u00e0 hist\u00f3ria completa + \u00e1udio narrado\u00a0<\/strong><\/p>\n<p data-start=\"869\" data-end=\"986\"><strong>ACESSO COMPLETO POR APENAS:<\/strong><\/p>\n","protected":false},"featured_media":3032,"comment_status":"open","ping_status":"closed","template":"","meta":[],"product_brand":[],"product_cat":[116,112],"product_tag":[],"class_list":{"0":"post-3009","1":"product","2":"type-product","3":"status-publish","4":"has-post-thumbnail","6":"product_cat-lancamento","7":"product_cat-livros-digitais","9":"first","10":"instock","11":"sale","12":"taxable","13":"shipping-taxable","14":"product-type-external"},"_links":{"self":[{"href":"https:\/\/contosdarica.com.br\/index.php\/wp-json\/wp\/v2\/product\/3009","targetHints":{"allow":["GET"]}}],"collection":[{"href":"https:\/\/contosdarica.com.br\/index.php\/wp-json\/wp\/v2\/product"}],"about":[{"href":"https:\/\/contosdarica.com.br\/index.php\/wp-json\/wp\/v2\/types\/product"}],"replies":[{"embeddable":true,"href":"https:\/\/contosdarica.com.br\/index.php\/wp-json\/wp\/v2\/comments?post=3009"}],"wp:featuredmedia":[{"embeddable":true,"href":"https:\/\/contosdarica.com.br\/index.php\/wp-json\/wp\/v2\/media\/3032"}],"wp:attachment":[{"href":"https:\/\/contosdarica.com.br\/index.php\/wp-json\/wp\/v2\/media?parent=3009"}],"wp:term":[{"taxonomy":"product_brand","embeddable":true,"href":"https:\/\/contosdarica.com.br\/index.php\/wp-json\/wp\/v2\/product_brand?post=3009"},{"taxonomy":"product_cat","embeddable":true,"href":"https:\/\/contosdarica.com.br\/index.php\/wp-json\/wp\/v2\/product_cat?post=3009"},{"taxonomy":"product_tag","embeddable":true,"href":"https:\/\/contosdarica.com.br\/index.php\/wp-json\/wp\/v2\/product_tag?post=3009"}],"curies":[{"name":"wp","href":"https:\/\/api.w.org\/{rel}","templated":true}]}}